101001001011001?
11110101001001010101
In base 4, what is 123300 + 1002021?
1131321
In base 11, what is -20580 + -2951?
-23421
In base 14, what is 1b50d6 + 242?
1b5338
In base 16, what is 168 - -1d796?
1d8fe
In base 13, what is 2 - 5a8b74?
-5a8b72
In base 4, what is -12200001 + 10033300?
-2100101
In base 12, what is -68 + -ab59?
-b005
In base 3, what is -2100101 - -11001120122?
10222020021
In base 13, what is 5671598 + 0?
5671598
In base 2, what is -11101111100 - -1011000010001?
111010010101
In base 8, what is 205645111 + 2?
205645113
In base 2, what is -1000000101 + -10011010101011?
-10100010110000
In base 7, what is 6134363 + -12?
6134351
In base 9, what is 56774 - -20?
56804
In base 9, what is -5856 + -1032?
-6888
In base 14, what is 1d99 + 70d2?
908b
In base 6, what is -13235320402 - 5?
-13235320411
In base 2, what is 1000100110010111010111011 - -111010?
1000100110010111011110101
In base 10, what is -239 + 4062753?
4062514
In base 2, what is 1110111000 + 110000010011?
111111001011
In base 16, what is 134 - 25c98?
-25b64
In base 8, what is 7202625 - 3?
7202622
In base 14, what is c + 8a3498?
8a34a6
In base 5, what is -104030121432 + 3?
-104030121424
In base 10, what is -21987856 - -5?
-21987851
In base 11, what is 2 + -41024871?
-4102486a
In base 2, what is -11100010000001010 - 10011111?
-11100010010101001
In base 10, what is -18572178 + 4?
-18572174
In base 10, what is 356645633 - 4?
356645629
In base 14, what is 16b - -70906?
70a73
In base 9, what is 2310 - -13121?
15431
In base 4, what is -112021013 - 12130?
-112033203
In base 5, what is 222 - -1031111122?
1031111344
In base 15, what is c8d279 - 3?
c8d276
In base 11, what is 118 - -2601?
2719
In base 4, what is 11012023032 - -11110?
11012100202
In base 9, what is 2 - -22286778?
22286781
In base 8, what is 11127 - 1071?
10036
In base 8, what is -46 - -3576743?
3576675
In base 16, what is 443eb + 9?
443f4
In base 2, what is 100011001 - -11001011111?
11101111000
In base 6, what is 5 - -445101245?
445101254
In base 11, what is 11178284 - -5?
11178289
In base 16, what is -4e6 - 2a3?
-789
In base 8, what is 7 - 5517012?
-5517003
In base 15, what is 15 - -642cb5?
642cca
In base 13, what is -463332 - 10?
-463342
In base 8, what is 3420 + -7432?
-4012
In base 16, what is -30b - 832?
-b3d
In base 5, what is -34 - 1111424313?
-1111424402
In base 4, what is -11002301011103 - 1?
-11002301011110
In base 4, what is -3211030001010 + -11?
-3211030001021
In base 6, what is 101 + -115452?
-115351
In base 6, what is 22200 - 100033?
-33433
In base 7, what is 132051 + 354?
132435
In base 2, what is -100011 + -100110100110110101101111?
-100110100110110110010010
In base 3, what is -20122200112 - 200000?
-20200100112
In base 14, what is 1291233 - 5?
129122c
In base 15, what is -5 - 65a4e4?
-65a4e9
In base 6, what is 2444410120 - 1?
2444410115
In base 7, what is -5 + 310360241?
310360233
In base 6, what is -5420135 + 3?
-5420132
In base 10, what is -17045986 - 0?
-17045986
In base 10, what is 946012 - 9?
946003
In base 15, what is -423a7 + -2e7?
-4269e
In base 8, what is 12 + 16523701?
16523713
In base 8, what is -13 - -11444626?
11444613
In base 11, what is -652 + -4608?
-515a
In base 12, what is -33 - b3713a?
-b37171
In base 3, what is -2201 - 2022210021011?
-2022210100212
In base 7, what is 3 - -135046?
135052
In base 16, what is 2d2 - -3236?
3508
In base 6, what is -5 - 1300130435?
-1300130444
In base 5, what is 13 + -11324304142?
-11324304124
In base 4, what is -333020 - -112310?
-220110
In base 12, what is 21b37903 - -5?
21b37908
In base 14, what is 7120 - -13b4?
84d4
In base 11, what is 11a1730 - 0?
11a1730
In base 8, what is 1506 + 200412?
202120
In base 5, what is 34 - 32021340344?
-32021340310
In base 5, what is 3 - -103330243?
103330301
In base 15, what is -18d73 - -576?
-187ec
In base 9, what is -173 - 133762?
-134045
In base 2, what is -1110 + 100100111001010110111?
100100111001010101001
In base 16, what is -278 - 628?
-8a0
In base 13, what is -59502 + -22?
-59524
In base 2, what is -1000 + 100101111001111100011010010?
100101111001111100011001010
In base 9, what is 3112 - -17365?
21477
In base 16, what is -138f4e - -4?
-138f4a
In base 9, what is -83361078 - -4?
-83361074
In base 11, what is -571a + -18069?
-22788
In base 8, what is 16 - 6260314?
-6260276
In base 8, what is -53 + -1147201?
-1147254
In base 16, what is -2486b0 - 3e?
-2486ee
In base 9, what is -152317 - -35?
-152272
In base 3, what is -200200101221 - 2002?
-200200111000
In base 9, what is 161484044 - 1?
161484043
In base 6, what is -2113540341 + 4?
-2113540333
In base 12, what is -8a1ab73b - 0?
-8a1ab73b
In base 6, what is 1103042 + -231130?
431512
In base 13, what is -2 - -1b11388?
1b11386
In base 7, what is -541155 - -2116?
-536036
In base 5, what is -40113 + -240414?
-331032
In base 3, what is -20120101 + -10100012?
-100220120
In base 15, what is -40 + -1092c?
-1096c
In base 2, what is -10011100110001100101 + 1001?
-10011100110001011100
In base 4, what is -103201112 + -2222300?
-112030012
In base 3, what is -20021220 + -2010010?
-22102000
In base 8, what is -34 + -524545?
-524601
In base 4, what is 0 + 32102033013?
32102033013
In base 11, what is -7558 - 268?
-7815
In base 11, what is -299281824 + 4?
-299281820
In base 11, what is 8 + -2995a6?
-299599
In base 2, what is 1000111001011111010011 + 101?
1000111001011111011000
In base 12, what is -428902a + 1b?
-428900b
In base 7, what is 110541 + -311?
110230
In base 3, what is 111102000000 + -1?
111101222222
In base 10, what is -70281 - -133?
-70148
In base 8, what is 450574 - -257?
451053
In base 12, what is 736412 - -3?
736415
In base 11, what is 1668257 - 4?
1668253
In base 11, what is -169119 - -1a7?
-168a22
In base 9, what is 220086872 - 4?
220086867
In base 16, what is -98e + 4fbc?
462e
In base 5, what is 4143313 - 134?
4143124
In base 3, what is 11212210002 + -101200?
11212101102
In base 11, what is 0 + 18018798?
18018798
In base 5, what is 10233340414232 + 10?
10233340414242
In base 9, what is -1885672 + 2?
-1885670
In base 8, what is -14 - -12631171?
12631155
In base 3, what is -2221102200 - -12212021?
-2201120102
In base 5, what is 2043111334 + 2110?
2043113444
In base 2, what is 111101100000 + -1110110011?
101110101101
In base 7, what is 25224 - -16052?
44306
In base 4, what is 0 + 1010311123000?
1010311123000
In base 8, what is -152204543 + 7?
-152204534
In base 12, what is -944 - -6566?
5822
In base 14, what is -5 + -11ad2?
-11ad7
In base 4, what is -3 - 202021320022?
-202021320031
In base 5, what is -1102113342010 + 1?
-1102113342004
In base 7, what is 25 - 3614562?
-3614534
In base 11, what is 6a - 94518?
-94459
In base 15, what is 2 - 76598e?
-76598c
In base 6, what is 214500 - 11234?
203222
In base 3, what is -20011012 - -112121012220?
112101001201
In base 12, what is -5 + 4170b298?
4170b293
In base 6, what is -1403101 - -131255?
-1231402
In base 14, what is -423 + -314?
-737
In base 11, what is -2 + 1009118?
1009116
In base 12, what is -1381 - 5500?
-6881
In base 6, what is 505341505 - 23?
505341442
In base 3, what is 121011200001222 - -102?
121011200002101
In base 5, what is -123241 - -223121?
44330
In base 4, what is 1321100 - -3222?
1330322
In base 2, what is 101101101010111 + -101100?
101101100101011
In base 4, what is 100100012232 - 1?
100100012231
In base 14, what is 25a6d3a + 2?
25a6d3c
In base 7, what is -3154 - 120061?
-123245
In base 3, what is 12112111022110 + 100220?
12112111200100
In base 8, what is -53021716 + -13?
-53021731
In base 16, what is -6c1bb - 339?
-6c4f4
In base 16, what is -15d5 + 2911?
133c
In base 11, what is 15936014 - -4?
15936018
In base 13, what is -1 + 209a1a?
209a19
In base 16, what is -a - 1b178e?
-1b1798
In base 7, what is -224544062 + 21?
-224544041
In base 15, what is -53 + -10460?
-104b3
In base 11, what is -1 + -10a205?
-10a206
In base 11, what is 253453a9 + 21?
2534541a
In base 9, what is -1084 - -187174?
186080
In base 7, what is -16 - 1212352410?
-1212352426
In base 11, what is -23 - 56258a?
-562602
In base 6, what is 5044 - 1212?
3432
In base 9, what is 413731 - -165?
414006
In base 13, what is -94c00 - -281?
-9494c
In base 9, what is -2654 - 121870?
-124634
In base 14, what is 3c7aa30 + -8?
3c7aa26
In base 12, what is 45